{"id":6666,"date":"2025-03-24T04:22:22","date_gmt":"2025-03-24T04:22:22","guid":{"rendered":"https:\/\/hsderma.com\/?page_id=6666"},"modified":"2025-03-24T20:20:53","modified_gmt":"2025-03-24T20:20:53","slug":"zivot-sa-hs-om","status":"publish","type":"page","link":"https:\/\/hsderma.com\/index.php\/zivot-sa-hs-om\/","title":{"rendered":"\u017divot sa HS-om"},"content":{"rendered":"\t\t<div data-elementor-type=\"wp-page\" data-elementor-id=\"6666\" class=\"elementor elementor-6666\">\n\t\t\t\t\t\t<section class=\"elementor-section elementor-top-section elementor-element elementor-element-4b3162c elementor-reverse-tablet elementor-reverse-mobile elementor-section-boxed elementor-section-height-default elementor-section-height-default\" data-id=\"4b3162c\" data-element_type=\"section\" data-settings=\"{&quot;background_background&quot;:&quot;gradient&quot;}\">\n\t\t\t\t\t\t<div class=\"elementor-container elementor-column-gap-default\">\n\t\t\t\t\t<div data-custom-animations=\"true\" data-ca-options=\"{&quot;addChildTimelines&quot;:false,&quot;trigger&quot;:&quot;firstChild&quot;,&quot;animationTarget&quot;:&quot;:scope &gt; .elementor-widget-wrap &gt; .elementor-element &gt; .elementor-widget-container, :scope &gt; .elementor-widget-wrap &gt; .elementor-section &gt; .elementor-container &gt; .elementor-column &gt; .elementor-widget-wrap &gt; .elementor-element:not(.lqd-el-has-inner-anim) &gt; .elementor-widget-container, :scope &gt; .elementor-widget-wrap &gt; .elementor-widget-hub_fancy_heading .lqd-split-lines .lqd-lines .split-inner, :scope &gt; .elementor-widget-wrap &gt; .elementor-widget-hub_fancy_heading .lqd-split-words .lqd-words .split-inner, :scope &gt; .elementor-widget-wrap &gt; .elementor-widget-hub_fancy_heading .lqd-split-chars .lqd-chars .split-inner, :scope &gt; .elementor-widget-wrap &gt; .elementor-widget-ld_custom_menu .lqd-fancy-menu &gt; ul &gt; li&quot;,&quot;ease&quot;:[&quot;power4.out&quot;],&quot;initValues&quot;:{&quot;y&quot;:&quot;40px&quot;,&quot;rotationX&quot;:-90,&quot;opacity&quot;:0,&quot;transformOrigin&quot;:&quot;50% 50% 0px&quot;},&quot;animations&quot;:{&quot;y&quot;:&quot;0px&quot;,&quot;rotationX&quot;:0,&quot;opacity&quot;:1,&quot;transformOrigin&quot;:&quot;50% 50% -80px&quot;}}\" class=\"elementor-column elementor-col-50 elementor-top-column elementor-element elementor-element-df78e77\" data-id=\"df78e77\" data-element_type=\"column\">\n\t\t\t<div class=\"elementor-widget-wrap elementor-element-populated\">\n\t\t\t\t\t\t<div class=\"elementor-element elementor-element-2456175 elementor-widget elementor-widget-hub_fancy_heading\" data-id=\"2456175\" data-element_type=\"widget\" data-widget_type=\"hub_fancy_heading.default\">\n\t\t\t\t<div class=\"elementor-widget-container\">\n\t\t\t\t\t\n\t\t<div id=\"ld-fancy-heading-69e501eee454c\" class=\"ld-fancy-heading pos-rel\">\n\t\t\t<h1 class=\"ld-fh-element d-inline-block pos-rel  elementor-heading-title lqd-highlight-classic lqd-highlight-grow-left h1\"  > \u017divot sa HS-om: podr\u0161ka, razumevanje, re\u0161enja \ud83d\udc99<\/h1>\t\t<\/div>\n\n\t\t\t\t\t\t<\/div>\n\t\t\t\t<\/div>\n\t\t\t\t<div class=\"elementor-element elementor-element-27f5738 elementor-widget elementor-widget-hub_fancy_heading\" data-id=\"27f5738\" data-element_type=\"widget\" data-widget_type=\"hub_fancy_heading.default\">\n\t\t\t\t<div class=\"elementor-widget-container\">\n\t\t\t\t\t\n\t\t<div id=\"ld-fancy-heading-69e501eee672a\" class=\"ld-fancy-heading pos-rel\">\n\t\t\t<p class=\"ld-fh-element d-inline-block pos-rel  lqd-highlight-classic lqd-highlight-grow-left p\"  > \u017divot sa hidradenitisom suppurativom (HS) mo\u017ee biti izazovan, ali uz pravu podr\u0161ku i informacije, svaki dan mo\u017ee postati lak\u0161i. Otvorena komunikacija, edukacija i povezivanje sa zajednicom obolelih i stru\u010dnjaka poma\u017eu u boljem razumevanju bolesti i dono\u0161enju informisanih odluka o le\u010denju. Saznajte kako prepoznati HS, razdvojiti mitove od \u010dinjenica i prona\u0107i odgovore na naj\u010de\u0161\u0107a pitanja.<\/p>\t\t<\/div>\n\n\t\t\t\t\t\t<\/div>\n\t\t\t\t<\/div>\n\t\t\t\t<div class=\"elementor-element elementor-element-a9e5031 elementor-widget elementor-widget-ld_button\" data-id=\"a9e5031\" data-element_type=\"widget\" data-widget_type=\"ld_button.default\">\n\t\t\t\t<div class=\"elementor-widget-container\">\n\t\t\t\t\t\n\t\t\t<a\n\t\t\t\thref=\"#start\"class=\"elementor-button btn btn-solid btn-lg btn-icon-right btn-hover-swp btn-has-label\"\t\t\t>\n\t\t\t\t\t\t\t\t\t<span data-text=\"nastavak\" class=\"btn-txt\">\n\t\t\t\t\t\tnastavak\t\t\t\t\t<\/span>\n\t\t\t\t\t\t\t\t\t\t\t\t\t\t<span class=\"btn-icon\">\n\t\t\t\t\t\t\t<i aria-hidden=\"true\" class=\"lqd-icn-ess icon-md-arrow-round-forward\"><\/i>\t\t\t\t\t\t<\/span>\n\t\t\t\t\t\t\t\t\t\t\t\t<span class=\"btn-icon\">\n\t\t\t\t\t\t\t<i aria-hidden=\"true\" class=\"lqd-icn-ess icon-md-arrow-round-forward\"><\/i>\t\t\t\t\t\t<\/span>\n\t\t\t\t\t\t\t\t\t<\/a>\n\t\t\t\t\t\t\t<\/div>\n\t\t\t\t<\/div>\n\t\t\t\t\t<\/div>\n\t\t<\/div>\n\t\t\t\t<div data-custom-animations=\"true\" data-ca-options=\"{&quot;addChildTimelines&quot;:false,&quot;trigger&quot;:&quot;firstChild&quot;,&quot;animationTarget&quot;:&quot;:scope &gt; .elementor-widget-wrap &gt; .elementor-element &gt; .elementor-widget-container, :scope &gt; .elementor-widget-wrap &gt; .elementor-section &gt; .elementor-container &gt; .elementor-column &gt; .elementor-widget-wrap &gt; .elementor-element:not(.lqd-el-has-inner-anim) &gt; .elementor-widget-container, :scope &gt; .elementor-widget-wrap &gt; .elementor-widget-hub_fancy_heading .lqd-split-lines .lqd-lines .split-inner, :scope &gt; .elementor-widget-wrap &gt; .elementor-widget-hub_fancy_heading .lqd-split-words .lqd-words .split-inner, :scope &gt; .elementor-widget-wrap &gt; .elementor-widget-hub_fancy_heading .lqd-split-chars .lqd-chars .split-inner, :scope &gt; .elementor-widget-wrap &gt; .elementor-widget-ld_custom_menu .lqd-fancy-menu &gt; ul &gt; li&quot;,&quot;ease&quot;:[&quot;power4.out&quot;],&quot;initValues&quot;:{&quot;x&quot;:&quot;40px&quot;,&quot;opacity&quot;:0.1000000000000000055511151231257827021181583404541015625,&quot;transformOrigin&quot;:&quot;50% 50% 0px&quot;},&quot;animations&quot;:{&quot;x&quot;:&quot;0px&quot;,&quot;opacity&quot;:1,&quot;transformOrigin&quot;:&quot;50% 50% 0px&quot;}}\" class=\"elementor-column elementor-col-50 elementor-top-column elementor-element elementor-element-4137d06\" data-id=\"4137d06\" data-element_type=\"column\">\n\t\t\t<div class=\"elementor-widget-wrap elementor-element-populated\">\n\t\t\t\t\t\t<div class=\"elementor-element elementor-element-0d3fc67 elementor-widget elementor-widget-ld_fancy_image\" data-id=\"0d3fc67\" data-element_type=\"widget\" data-widget_type=\"ld_fancy_image.default\">\n\t\t\t\t<div class=\"elementor-widget-container\">\n\t\t\t\t\t\n\t\t<div class=\"lqd-imggrp-single d-block pos-rel \">\n\t\t\t<div class=\"lqd-imggrp-img-container d-inline-flex pos-rel align-items-center justify-content-center \">\n\t\t\t\t\t\t\t\t<figure class=\"w-100 pos-rel\">\n\t\t\t\t\t<img fetchpriority=\"high\" decoding=\"async\" width=\"512\" height=\"512\" src=\"https:\/\/hsderma.com\/wp-content\/uploads\/2025\/03\/podrska-hs.png\" class=\"attachment-full size-full wp-image-7125\" alt=\"podrska hs\" srcset=\"https:\/\/hsderma.com\/wp-content\/uploads\/2025\/03\/podrska-hs.png 512w, https:\/\/hsderma.com\/wp-content\/uploads\/2025\/03\/podrska-hs-300x300.png 300w, https:\/\/hsderma.com\/wp-content\/uploads\/2025\/03\/podrska-hs-150x150.png 150w, https:\/\/hsderma.com\/wp-content\/uploads\/2025\/03\/podrska-hs-320x320.png 320w\" sizes=\"(max-width: 512px) 100vw, 512px\" itemprop=\"image\" \/>\t\t\t\t\t\t\t\t\t\t\t\t\t\t\t\t\t\t\t\t\t\t\t\t\t\t\t\t\t<\/figure>\n\t\t\t<\/div>\n\t\t<\/div>\n\n\t\t\t\t\t<\/div>\n\t\t\t\t<\/div>\n\t\t\t\t\t<\/div>\n\t\t<\/div>\n\t\t\t\t\t<\/div>\n\t\t<\/section>\n\t\t\t\t<section class=\"elementor-section elementor-top-section elementor-element elementor-element-79f3fb8 elementor-section-boxed elementor-section-height-default elementor-section-height-default\" data-id=\"79f3fb8\" data-element_type=\"section\">\n\t\t\t\t\t\t<div class=\"elementor-container elementor-column-gap-default\">\n\t\t\t\t\t<div class=\"elementor-column elementor-col-100 elementor-top-column elementor-element elementor-element-9736354\" data-id=\"9736354\" data-element_type=\"column\">\n\t\t\t<div class=\"elementor-widget-wrap elementor-element-populated\">\n\t\t\t\t\t\t<section class=\"elementor-section elementor-inner-section elementor-element elementor-element-4c6feb4 elementor-section-boxed elementor-section-height-default elementor-section-height-default elementor-invisible\" data-id=\"4c6feb4\" data-element_type=\"section\" data-settings=\"{&quot;animation&quot;:&quot;fadeInRight&quot;}\">\n\t\t\t\t\t\t<div class=\"elementor-container elementor-column-gap-default\">\n\t\t\t\t\t<div class=\"elementor-column elementor-col-50 elementor-inner-column elementor-element elementor-element-f7ffdc5\" data-id=\"f7ffdc5\" data-element_type=\"column\">\n\t\t\t<div class=\"elementor-widget-wrap elementor-element-populated\">\n\t\t\t\t\t\t<div class=\"elementor-element elementor-element-d48461f elementor-widget elementor-widget-menu-anchor\" data-id=\"d48461f\" data-element_type=\"widget\" data-widget_type=\"menu-anchor.default\">\n\t\t\t\t<div class=\"elementor-widget-container\">\n\t\t\t\t\t\t\t<div class=\"elementor-menu-anchor\" id=\"start\"><\/div>\n\t\t\t\t\t\t<\/div>\n\t\t\t\t<\/div>\n\t\t\t\t<div class=\"lqd-iconbox-scale elementor-element elementor-element-a3b5563 elementor-align-center elementor-widget elementor-widget-ld_icon_box\" data-id=\"a3b5563\" data-element_type=\"widget\" data-settings=\"{&quot;enable_scale_animation&quot;:&quot;yes&quot;}\" data-widget_type=\"ld_icon_box.default\">\n\t\t\t\t<div class=\"elementor-widget-container\">\n\t\t\t\t\t\n\t\t\t<div id=\"ld_icon_box_a3b5563\" class=\"iconbox d-flex flex-grow-1 pos-rel flex-column iconbox-default iconbox-custombg\"   >\n\n\t\t\t\t\n\t\t\t\t<div class=\"iconbox-icon-wrap  \"><div class=\"iconbox-icon-container d-inline-flex pos-rel z-index-1 \"><span class=\"icon-custom-bg\"><svg xmlns:xlink=\"http:\/\/www.w3.org\/1999\/xlink\" xmlns=\"http:\/\/www.w3.org\/2000\/svg\" fill=\"none\" fill-rule=\"evenodd\" stroke=\"black\" stroke-width=\"0.501\" stroke-linejoin=\"bevel\" stroke-miterlimit=\"10\" font-family=\"Times New Roman\" font-size=\"16\" style=\"font-variant-ligatures:none\" width=\"94.299pt\" height=\"93.038pt\" viewBox=\"842.045 -441.464 94.299 93.038\"><defs>\t<\/defs><g id=\"Layer 1\" transform=\"scale(1 -1)\"><path d=\"M 931.772,377.008 C 918.083,354.658 884.996,340.219 862.417,353.533 C 839.839,366.847 835.637,407.559 851.774,428.21 C 881.088,465.722 955.418,415.61 931.772,377.008 Z\" fill=\"#c0ffff\" stroke=\"none\" stroke-width=\"0.75\" fill-rule=\"nonzero\" stroke-linejoin=\"miter\" marker-start=\"none\" marker-end=\"none\"><\/path><\/g><g id=\"Layer_1\" transform=\"scale(1 -1)\"><\/g><\/svg><\/span><img decoding=\"async\" src=\"https:\/\/hsderma.com\/wp-content\/uploads\/2025\/03\/speech-bubble.png\" class=\"lqd-image-icon\" alt=\"\ud83d\udde3\ufe0fRazgovarajte o &lt;br&gt;HS!\" \/><\/div><\/div>\n\t\t\t\t\n\t\t\t\t<div class=\"contents \">\n\t\t\t\t\n\t\t\t\t<h2 class=\"lqd-iconbox-heading \" >\ud83d\udde3\ufe0fRazgovarajte o <br>HS! <\/h2>\t\t\t\t<p>Otvorena komunikacija sa lekarima, porodicom i prijateljima mo\u017ee pobolj\u0161ati razumevanje bolesti, olak\u0161ati pristup adekvatnom le\u010denju i pru\u017eiti emocionalnu podr\u0161ku koja je \u010desto neophodna...<\/p>\n\t\t\t\t\t\t\t\t<a href=\"https:\/\/hsderma.com\/index.php\/razgovarajte-o-hs\/\" class=\"elementor-button btn ws-nowrap btn-naked btn-hover-txt-liquid-x btn-icon-right btn-has-label\" >\n\t\t\t\t\t\t\t\t\t\t\t<span class=\"btn-txt\"  data-text=\"nastavak\" data-transition-delay=\"true\"\n\t\t\t\t\t    data-delay-options='{\"elements\": \".lqd-chars\", \"delayType\": \"animation\", \"startDelay\": 0, \"delayBetween\": 32.5}'\n\t\t\t\t\t    data-split-text=\"true\"\n\t\t\t\t\t    data-split-options='{\"type\": \"chars, words\"}'>nastavak<\/span>\n\t\t\t\t\t\t\t\t\t\t<span class=\"btn-icon\"><i class=\"lqd-icn-ess icon-md-arrow-forward\"><\/i><\/span>\t\t\t\t<\/a>\n\n\t\t\t\t\n\t\t\t\t<\/div>\n\t\t\t\t\n\t\t\t<\/div>\n\n\t\t\t\t\t\t<\/div>\n\t\t\t\t<\/div>\n\t\t\t\t\t<\/div>\n\t\t<\/div>\n\t\t\t\t<div class=\"elementor-column elementor-col-50 elementor-inner-column elementor-element elementor-element-0f0900b\" data-id=\"0f0900b\" data-element_type=\"column\">\n\t\t\t<div class=\"elementor-widget-wrap elementor-element-populated\">\n\t\t\t\t\t\t<div class=\"lqd-iconbox-scale elementor-element elementor-element-e58e157 elementor-align-center elementor-widget elementor-widget-ld_icon_box\" data-id=\"e58e157\" data-element_type=\"widget\" data-settings=\"{&quot;enable_scale_animation&quot;:&quot;yes&quot;}\" data-widget_type=\"ld_icon_box.default\">\n\t\t\t\t<div class=\"elementor-widget-container\">\n\t\t\t\t\t\n\t\t\t<div id=\"ld_icon_box_e58e157\" class=\"iconbox d-flex flex-grow-1 pos-rel flex-column iconbox-default iconbox-custombg\"   >\n\n\t\t\t\t\n\t\t\t\t<div class=\"iconbox-icon-wrap  \"><div class=\"iconbox-icon-container d-inline-flex pos-rel z-index-1 \"><span class=\"icon-custom-bg\"><svg xmlns:xlink=\"http:\/\/www.w3.org\/1999\/xlink\" xmlns=\"http:\/\/www.w3.org\/2000\/svg\" fill=\"none\" fill-rule=\"evenodd\" stroke=\"black\" stroke-width=\"0.501\" stroke-linejoin=\"bevel\" stroke-miterlimit=\"10\" font-family=\"Times New Roman\" font-size=\"16\" style=\"font-variant-ligatures:none\" width=\"94.299pt\" height=\"93.038pt\" viewBox=\"842.045 -441.464 94.299 93.038\"><defs>\t<\/defs><g id=\"Layer 1\" transform=\"scale(1 -1)\"><path d=\"M 931.772,377.008 C 918.083,354.658 884.996,340.219 862.417,353.533 C 839.839,366.847 835.637,407.559 851.774,428.21 C 881.088,465.722 955.418,415.61 931.772,377.008 Z\" fill=\"#c0ffff\" stroke=\"none\" stroke-width=\"0.75\" fill-rule=\"nonzero\" stroke-linejoin=\"miter\" marker-start=\"none\" marker-end=\"none\"><\/path><\/g><g id=\"Layer_1\" transform=\"scale(1 -1)\"><\/g><\/svg><\/span><img decoding=\"async\" src=\"https:\/\/hsderma.com\/wp-content\/uploads\/2025\/03\/investigate.png\" class=\"lqd-image-icon\" alt=\"\ud83d\udd0dKako prepoznati HS?\" \/><\/div><\/div>\n\t\t\t\t\n\t\t\t\t<div class=\"contents \">\n\t\t\t\t\n\t\t\t\t<h2 class=\"lqd-iconbox-heading \" >\ud83d\udd0dKako prepoznati HS? <\/h2>\t\t\t\t<p>Prepoznavanje hidradenitis suppurative (HS) mo\u017ee biti izazovno zbog sli\u010dnosti sa drugim ko\u017enim oboljenjima. Rana identifikacija i konsultacija sa dermatologom su klju\u010dni za efikasno upravljanje ovom hroni\u010dnom bole\u0161\u0107u...<\/p>\n\t\t\t\t\t\t\t\t<a href=\"https:\/\/hsderma.com\/index.php\/kako-prepoznati-hs\/\" class=\"elementor-button btn ws-nowrap btn-naked btn-hover-txt-liquid-x btn-icon-right btn-has-label\" >\n\t\t\t\t\t\t\t\t\t\t\t<span class=\"btn-txt\"  data-text=\"nastavak\" data-transition-delay=\"true\"\n\t\t\t\t\t    data-delay-options='{\"elements\": \".lqd-chars\", \"delayType\": \"animation\", \"startDelay\": 0, \"delayBetween\": 32.5}'\n\t\t\t\t\t    data-split-text=\"true\"\n\t\t\t\t\t    data-split-options='{\"type\": \"chars, words\"}'>nastavak<\/span>\n\t\t\t\t\t\t\t\t\t\t<span class=\"btn-icon\"><i class=\"lqd-icn-ess icon-md-arrow-forward\"><\/i><\/span>\t\t\t\t<\/a>\n\n\t\t\t\t\n\t\t\t\t<\/div>\n\t\t\t\t\n\t\t\t<\/div>\n\n\t\t\t\t\t\t<\/div>\n\t\t\t\t<\/div>\n\t\t\t\t\t<\/div>\n\t\t<\/div>\n\t\t\t\t\t<\/div>\n\t\t<\/section>\n\t\t\t\t\t<\/div>\n\t\t<\/div>\n\t\t\t\t\t<\/div>\n\t\t<\/section>\n\t\t\t\t<section class=\"elementor-section elementor-top-section elementor-element elementor-element-362d5f3 elementor-section-boxed elementor-section-height-default elementor-section-height-default\" data-id=\"362d5f3\" data-element_type=\"section\">\n\t\t\t\t\t\t<div class=\"elementor-container elementor-column-gap-default\">\n\t\t\t\t\t<div class=\"elementor-column elementor-col-100 elementor-top-column elementor-element elementor-element-506b0e9\" data-id=\"506b0e9\" data-element_type=\"column\">\n\t\t\t<div class=\"elementor-widget-wrap elementor-element-populated\">\n\t\t\t\t\t\t<section class=\"elementor-section elementor-inner-section elementor-element elementor-element-84a11bc elementor-section-boxed elementor-section-height-default elementor-section-height-default elementor-invisible\" data-id=\"84a11bc\" data-element_type=\"section\" data-settings=\"{&quot;animation&quot;:&quot;fadeInLeft&quot;}\">\n\t\t\t\t\t\t<div class=\"elementor-container elementor-column-gap-default\">\n\t\t\t\t\t<div class=\"elementor-column elementor-col-50 elementor-inner-column elementor-element elementor-element-ddebc01\" data-id=\"ddebc01\" data-element_type=\"column\">\n\t\t\t<div class=\"elementor-widget-wrap elementor-element-populated\">\n\t\t\t\t\t\t<div class=\"lqd-iconbox-scale elementor-element elementor-element-63c3187 elementor-align-center elementor-widget elementor-widget-ld_icon_box\" data-id=\"63c3187\" data-element_type=\"widget\" data-settings=\"{&quot;enable_scale_animation&quot;:&quot;yes&quot;}\" data-widget_type=\"ld_icon_box.default\">\n\t\t\t\t<div class=\"elementor-widget-container\">\n\t\t\t\t\t\n\t\t\t<div id=\"ld_icon_box_63c3187\" class=\"iconbox d-flex flex-grow-1 pos-rel flex-column iconbox-default iconbox-custombg\"   >\n\n\t\t\t\t\n\t\t\t\t<div class=\"iconbox-icon-wrap  \"><div class=\"iconbox-icon-container d-inline-flex pos-rel z-index-1 \"><span class=\"icon-custom-bg\"><svg xmlns:xlink=\"http:\/\/www.w3.org\/1999\/xlink\" xmlns=\"http:\/\/www.w3.org\/2000\/svg\" fill=\"none\" fill-rule=\"evenodd\" stroke=\"black\" stroke-width=\"0.501\" stroke-linejoin=\"bevel\" stroke-miterlimit=\"10\" font-family=\"Times New Roman\" font-size=\"16\" style=\"font-variant-ligatures:none\" width=\"94.299pt\" height=\"93.038pt\" viewBox=\"842.045 -441.464 94.299 93.038\"><defs>\t<\/defs><g id=\"Layer 1\" transform=\"scale(1 -1)\"><path d=\"M 931.772,377.008 C 918.083,354.658 884.996,340.219 862.417,353.533 C 839.839,366.847 835.637,407.559 851.774,428.21 C 881.088,465.722 955.418,415.61 931.772,377.008 Z\" fill=\"#c0ffff\" stroke=\"none\" stroke-width=\"0.75\" fill-rule=\"nonzero\" stroke-linejoin=\"miter\" marker-start=\"none\" marker-end=\"none\"><\/path><\/g><g id=\"Layer_1\" transform=\"scale(1 -1)\"><\/g><\/svg><\/span><img decoding=\"async\" src=\"https:\/\/hsderma.com\/wp-content\/uploads\/2025\/03\/conversation.png\" class=\"lqd-image-icon\" alt=\"\u2049\ufe0f\u010cinjenice &amp; mitovi&lt;br&gt;o HS   \" \/><\/div><\/div>\n\t\t\t\t\n\t\t\t\t<div class=\"contents \">\n\t\t\t\t\n\t\t\t\t<h2 class=\"lqd-iconbox-heading \" >\u2049\ufe0f\u010cinjenice &amp; mitovi<br>o HS    <\/h2>\t\t\t\t<p>Mnogi ljudi sa HS-om suo\u010davaju se ne samo sa fizi\u010dkim bolom, ve\u0107 i sa nesigurno\u0161\u0107u i dezinformacijama koje mogu ote\u017eati tra\u017eenje pomo\u0107i...<\/p>\n\t\t\t\t\t\t\t\t<a href=\"https:\/\/hsderma.com\/index.php\/cinjenice-i-mitovi-o-hs\/\" class=\"elementor-button btn ws-nowrap btn-naked btn-hover-txt-liquid-x btn-icon-right btn-has-label\" >\n\t\t\t\t\t\t\t\t\t\t\t<span class=\"btn-txt\"  data-text=\"nastavak\" data-transition-delay=\"true\"\n\t\t\t\t\t    data-delay-options='{\"elements\": \".lqd-chars\", \"delayType\": \"animation\", \"startDelay\": 0, \"delayBetween\": 32.5}'\n\t\t\t\t\t    data-split-text=\"true\"\n\t\t\t\t\t    data-split-options='{\"type\": \"chars, words\"}'>nastavak<\/span>\n\t\t\t\t\t\t\t\t\t\t<span class=\"btn-icon\"><i class=\"lqd-icn-ess icon-md-arrow-forward\"><\/i><\/span>\t\t\t\t<\/a>\n\n\t\t\t\t\n\t\t\t\t<\/div>\n\t\t\t\t\n\t\t\t<\/div>\n\n\t\t\t\t\t\t<\/div>\n\t\t\t\t<\/div>\n\t\t\t\t\t<\/div>\n\t\t<\/div>\n\t\t\t\t<div class=\"elementor-column elementor-col-50 elementor-inner-column elementor-element elementor-element-ecceaea\" data-id=\"ecceaea\" data-element_type=\"column\">\n\t\t\t<div class=\"elementor-widget-wrap elementor-element-populated\">\n\t\t\t\t\t\t<div class=\"lqd-iconbox-scale elementor-element elementor-element-0e11390 elementor-align-center elementor-widget elementor-widget-ld_icon_box\" data-id=\"0e11390\" data-element_type=\"widget\" data-settings=\"{&quot;enable_scale_animation&quot;:&quot;yes&quot;}\" data-widget_type=\"ld_icon_box.default\">\n\t\t\t\t<div class=\"elementor-widget-container\">\n\t\t\t\t\t\n\t\t\t<div id=\"ld_icon_box_0e11390\" class=\"iconbox d-flex flex-grow-1 pos-rel flex-column iconbox-default iconbox-custombg\"   >\n\n\t\t\t\t\n\t\t\t\t<div class=\"iconbox-icon-wrap  \"><div class=\"iconbox-icon-container d-inline-flex pos-rel z-index-1 \"><span class=\"icon-custom-bg\"><svg xmlns:xlink=\"http:\/\/www.w3.org\/1999\/xlink\" xmlns=\"http:\/\/www.w3.org\/2000\/svg\" fill=\"none\" fill-rule=\"evenodd\" stroke=\"black\" stroke-width=\"0.501\" stroke-linejoin=\"bevel\" stroke-miterlimit=\"10\" font-family=\"Times New Roman\" font-size=\"16\" style=\"font-variant-ligatures:none\" width=\"94.299pt\" height=\"93.038pt\" viewBox=\"842.045 -441.464 94.299 93.038\"><defs>\t<\/defs><g id=\"Layer 1\" transform=\"scale(1 -1)\"><path d=\"M 931.772,377.008 C 918.083,354.658 884.996,340.219 862.417,353.533 C 839.839,366.847 835.637,407.559 851.774,428.21 C 881.088,465.722 955.418,415.61 931.772,377.008 Z\" fill=\"#c0ffff\" stroke=\"none\" stroke-width=\"0.75\" fill-rule=\"nonzero\" stroke-linejoin=\"miter\" marker-start=\"none\" marker-end=\"none\"><\/path><\/g><g id=\"Layer_1\" transform=\"scale(1 -1)\"><\/g><\/svg><\/span><img decoding=\"async\" src=\"https:\/\/hsderma.com\/wp-content\/uploads\/2025\/03\/question-and-answer.png\" class=\"lqd-image-icon\" alt=\"\u2753\u010cesta pitanja &lt;br&gt;o HS!\" \/><\/div><\/div>\n\t\t\t\t\n\t\t\t\t<div class=\"contents \">\n\t\t\t\t\n\t\t\t\t<h2 class=\"lqd-iconbox-heading \" >\u2753\u010cesta pitanja <br>o HS! <\/h2>\t\t\t\t<p>Hidradenitis suppurativa (HS) mo\u017ee biti zbunjuju\u0107e i frustriraju\u0107e stanje, a informacije o njemu \u010desto nisu lako dostupne. Mnogi ljudi imaju pitanja o uzrocima, simptomima i le\u010denju HS-a...<\/p>\n\t\t\t\t\t\t\t\t<a href=\"https:\/\/hsderma.com\/index.php\/cesta-pitanja-o-hs\/\" class=\"elementor-button btn ws-nowrap btn-naked btn-hover-txt-liquid-x btn-icon-right btn-has-label\" >\n\t\t\t\t\t\t\t\t\t\t\t<span class=\"btn-txt\"  data-text=\"nastavak\" data-transition-delay=\"true\"\n\t\t\t\t\t    data-delay-options='{\"elements\": \".lqd-chars\", \"delayType\": \"animation\", \"startDelay\": 0, \"delayBetween\": 32.5}'\n\t\t\t\t\t    data-split-text=\"true\"\n\t\t\t\t\t    data-split-options='{\"type\": \"chars, words\"}'>nastavak<\/span>\n\t\t\t\t\t\t\t\t\t\t<span class=\"btn-icon\"><i class=\"lqd-icn-ess icon-md-arrow-forward\"><\/i><\/span>\t\t\t\t<\/a>\n\n\t\t\t\t\n\t\t\t\t<\/div>\n\t\t\t\t\n\t\t\t<\/div>\n\n\t\t\t\t\t\t<\/div>\n\t\t\t\t<\/div>\n\t\t\t\t\t<\/div>\n\t\t<\/div>\n\t\t\t\t\t<\/div>\n\t\t<\/section>\n\t\t\t\t\t<\/div>\n\t\t<\/div>\n\t\t\t\t\t<\/div>\n\t\t<\/section>\n\t\t\t\t<\/div>\n\t\t","protected":false},"excerpt":{"rendered":"<p>\u017divot sa HS-om: podr\u0161ka, razumevanje, re\u0161enja \ud83d\udc99 \u017divot sa hidradenitisom suppurativom (HS) mo\u017ee biti izazovan, ali uz pravu podr\u0161ku i informacije, svaki dan mo\u017ee postati lak\u0161i. Otvorena komunikacija, edukacija i povezivanje sa zajednicom obolelih i stru\u010dnjaka poma\u017eu u boljem razumevanju bolesti i dono\u0161enju informisanih odluka o le\u010denju. Saznajte kako prepoznati HS, razdvojiti mitove od \u010dinjenica [&hellip;]<\/p>\n","protected":false},"author":1,"featured_media":0,"parent":0,"menu_order":0,"comment_status":"closed","ping_status":"closed","template":"","meta":{"_monsterinsights_skip_tracking":false,"_monsterinsights_sitenote_active":false,"_monsterinsights_sitenote_note":"","_monsterinsights_sitenote_category":0,"footnotes":""},"class_list":["post-6666","page","type-page","status-publish","hentry"],"aioseo_notices":[],"_links":{"self":[{"href":"https:\/\/hsderma.com\/index.php\/wp-json\/wp\/v2\/pages\/6666","targetHints":{"allow":["GET"]}}],"collection":[{"href":"https:\/\/hsderma.com\/index.php\/wp-json\/wp\/v2\/pages"}],"about":[{"href":"https:\/\/hsderma.com\/index.php\/wp-json\/wp\/v2\/types\/page"}],"author":[{"embeddable":true,"href":"https:\/\/hsderma.com\/index.php\/wp-json\/wp\/v2\/users\/1"}],"replies":[{"embeddable":true,"href":"https:\/\/hsderma.com\/index.php\/wp-json\/wp\/v2\/comments?post=6666"}],"version-history":[{"count":22,"href":"https:\/\/hsderma.com\/index.php\/wp-json\/wp\/v2\/pages\/6666\/revisions"}],"predecessor-version":[{"id":7178,"href":"https:\/\/hsderma.com\/index.php\/wp-json\/wp\/v2\/pages\/6666\/revisions\/7178"}],"wp:attachment":[{"href":"https:\/\/hsderma.com\/index.php\/wp-json\/wp\/v2\/media?parent=6666"}],"curies":[{"name":"wp","href":"https:\/\/api.w.org\/{rel}","templated":true}]}}